greatest common divisor of 3 and q.
3
Let u = -392 - -436. Suppose -u*c = -41*c - 234. What is the greatest common divisor of 507 and c?
39
Suppose 5*y - 23363 = 2*d - 1001, -3 = 3*d. What is the highest common divisor of y and 208?
104
Suppose 0 = 46*q - 57 - 219. Calculate the highest common divisor of 3 and q.
3
Let f be 8/(-5)*(-1150)/92. Calculate the greatest common factor of 32 and f.
4
Suppose 93 = 2*j - 149. Suppose 3*u - 152 - j = 0. Let w = 352463 + -352450. Calculate the highest common divisor of w and u.
13
Let o(b) = 12*b**3 - 8*b - 5. Let a be o(3). Suppose -24*m + a = -41. What is the highest common factor of 4 and m?
2
Let q(t) = 16*t**2 + 2*t - 2. Let z be q(1). Let l(b) = b**3 - 7*b**2 - 8*b + 4. Let y be l(8). Calculate the greatest common divisor of y and z.
4
Let c be 0 + 1/(2/4) + 250 + 12. What is the greatest common divisor of c and 408?
24
Let x be (-99)/(-15) - 12/(-30). Suppose -j - 12 = -x. Let v be (-98)/j*(-1 - 7/(-2)). Calculate the greatest common factor of v and 392.
49
Let n(a) = -47*a + 13. Let c = 195 + -198. Let o be n(c). Calculate the highest common factor of 66 and o.
22
Let i = 15 - 12. Let m be (-1)/((-6)/(-12)) + 6. Let r be (-84)/(-39) - m/26. What is the greatest common divisor of r and i?
1
Let v be ((-1)/(-2))/(1/8). Suppose -v*s = 2*i - 132, 0 = -4*i - 0*i - 5*s + 249. Let u = -52 + 80. Calculate the highest common factor of i and u.
28
Suppose 4*d + 4*w = 2*w + 24, -d + 6 = -w. Let z = 159 + -81. Suppose -36 = -d*g + z. What is the greatest common factor of 133 and g?
19
Let r = 7115 + -7106. What is the highest common divisor of 522 and r?
9
Let l(y) = 110*y - 696. Let w be l(16). Calculate the highest common factor of 56 and w.
56
Suppose 0 = -129*i + 375 + 2721. What is the highest common divisor of 12804 and i?
12
Suppose -107*u + 8*u + 174 = -41*u. Let l = -7 - -16. Suppose -4*x + l = -x. Calculate the highest common factor of x and u.
3
Suppose -6*r + 9 = -21. Suppose 0 = -2*m + r*m - 57. Let s = -81 + 100. Calculate the greatest common factor of s and m.
19
Let b(r) = -11*r - 44. Let f(y) = 20*y + 88. Let i(n) = -7*b(n) - 4*f(n). Let h be i(-17). Calculate the greatest common factor of 112 and h.
7
Let w be 2 - -157 - (-11 + 17 + -11). What is the highest common factor of w and 4756?
164
Let c be -20 + (-2 - (-12)/15)*-5. Let l be ((-72)/c)/(33/1078). What is the highest common divisor of 16 and l?
8
Suppose 8919 = 61*w - 52*w. Suppose 2*s - 4*l + 3*l - w = 0, -479 = -s - 5*l. What is the highest common divisor of 38 and s?
38
Let b = -3966 + 3969. Let x be ((-3)/(-9))/((-2)/(-6)). Calculate the greatest common factor of x and b.
1
Suppose 32535 = -57*g + 432675. What is the greatest common factor of g and 1365?
195
Let d(o) = -14*o**2 + 24 + 52*o**2 - 19*o**2 + 64*o - 21*o**2. Let j be d(30). What is the highest common factor of 16 and j?
16
Suppose 5*n = -5*y + 70695, 5*y - 461*n - 70745 = -456*n. Calculate the greatest common divisor of y and 1105.
221
Let k be (-337 + -1)/(-2) - (272 - 268). Calculate the greatest common factor of k and 35.
5
Let s = -225 - -202. Let u = -20 - s. What is the greatest common divisor of 12 and u?
3
Let d be (-2)/(-5) - (69/(-15) + 2). Suppose 0 = -d*t - 8*t + 440. Calculate the highest common factor of t and 8.
8
Let v(m) = 2*m + 9. Let r be v(-2). Suppose -10 + 30 = r*o. Suppose -3*s + 11 = 2*w, o*s = -3*w + 5*s + 22. What is the highest common divisor of w and 1?
1
Let p(k) = 5*k**2 - 220*k - 68. Let n be p(47). Calculate the greatest common divisor of n and 91.
91
Let p be (378/(-45) - -8)/((-3)/30). Suppose -89*m = -91*m - p*n + 580, 0 = 2*m - n - 580. Calculate the highest common divisor of m and 40.
10
Let d = -492 + 543. Suppose -d*p - 21483 = -82*p. What is the highest common factor of p and 18?
9
Suppose 4*r + 17*n - 422 = 15*n, -5*n - 401 = -4*r. Let m be (156 - 0)*-5*(-15)/25. What is the greatest common factor of r and m?
52
Suppose -5*l = -0*l - 170. Let a(v) be the first derivative of -35*v**2/2 - v - 5. Let w be a(-1). Calculate the highest common factor of w and l.
34
Suppose 435*x - 35874 - 22688 = 106*x. What is the highest common divisor of x and 2225?
89
Suppose 320 - 641 = -y. Calculate the greatest common divisor of y and 1391.
107
Suppose -45*z = 64*z + 37*z - 1242168. What is the greatest common divisor of z and 12?
12
Suppose 0 = -m - 0*m + 100. Suppose 0 = 72*a - 5813 + 413. What is the highest common divisor of m and a?
25
Let m(s) = 375*s**2 + 3*s + 1. Let i be m(-1). Let z = 424 - i. Calculate the greatest common factor of z and 221.
17
Let x = -8491 + 10187. What is the greatest common divisor of 53 and x?
53
Suppose -60030 = -40*b + 405610. What is the greatest common factor of b and 7?
7
Suppose -136 = 10*z - 86. Let a be 5 - (z + (-27)/(-6))*4. Calculate the greatest common factor of 133 and a.
7
Suppose 33 + 67 = 5*w. Suppose -4*j + 9*j - w = 0. Suppose -j*f + 23 = -3*f. What is the greatest common divisor of f and 92?
23
Let n be ((-2168)/(-120) - 10/15)*(5 + 0). What is the greatest common factor of n and 123?
3
Let r(h) = h**2 - h + 34. Let y be r(0). Let n(j) = j**2 + 33*j + 192. Let u be n(-30). Calculate the highest common factor of y and u.
34
Suppose -3*h - 6*h + 2538 = 0. Let t = -273 + h. What is the highest common divisor of 81 and t?
9
Let b(h) = h**2 - 7*h - 1. Let u be b(8). Suppose u*t - 6*t = -5*y + 90, 5*y + 250 = 3*t. Calculate the highest common divisor of t and 5.
5
Let u(d) = -3*d - 40. Let o = 83 - 103. Let x be u(o). What is the greatest common factor of 460 and x?
20
Suppose 3*o - 96 = o. Suppose -6 - 2 = -3*d + 2*n, 5*d - n - 4 = 0. Let b = d - -36. What is the greatest common factor of b and o?
12
Suppose -5*j + 3*w = -795, j - 181 = -5*w + 10*w. Calculate the greatest common factor of 48 and j.
12
Let n be 2/(-3)*(-12546)/68. Let g = -119 + n. Let z = -4 - -5. Calculate the highest common divisor of z and g.
1
Let y(n) = -13*n + 78. Let a(g) = 4*g - 26. Let i(s) = -8*a(s) - 3*y(s). Let d = 16 - 4. Let t be i(d). Calculate the highest common divisor of t and 87.
29
Let p = 326 + -315. Let w be ((-1)/3*-3)/(p/308). Calculate the greatest common divisor of 56 and w.
28
Let a(j) = -j**3 + 17*j**2 - 26*j - 36. Let r be a(15). Let i be 12/144 + 1486/r. Calculate the highest common divisor of i and 1674.
62
Let c(f) = -96*f + 189. Let x be c(-9). What is the greatest common factor of 243 and x?
81
Suppose 3*m - 185 = 2*p, 53 = 3*m - 4*p - 146. What is the greatest common factor of 6213 and m?
57
Let p(s) = s**3 + 38*s**2 + 50*s + 656. Let r be p(-37). What is the highest common factor of 1625 and r?
25
Let i = -1474 + 2820. Suppose 7*w - 4*w - i = -2*c, 5*c - 5 = 0. Calculate the highest common divisor of 128 and w.
64
Suppose -8*o = 4*l - 3*o - 20, -o = 5*l - 4. Suppose -3*m = -2*t + 16, -4*m + l*t - 10 = 3*t. Let r = m + 28. What is the highest common divisor of 72 and r?
24
Let j = 12 + -18. Let i = -99 - -97. Let p be -1 + i/j*6. What is the greatest common divisor of p and 11?
1
Suppose 92 = 3*v - 2*r - 437, -3*r - 706 = -4*v. Calculate the greatest common factor of 105 and v.
35
Let q = -6703 + 6969. What is the greatest common factor of 602 and q?
14
Suppose 7*f - 10*f = 108. Let v = f + 39. Suppose 0 = w - 17 + 16. Calculate the greatest common factor of w and v.
1
Suppose -2*d + 133 - 37 = 4*k, -d + 96 = 4*k. What is the greatest common divisor of k and 6792?
24
Let j = 4214 - 389. What is the greatest common factor of j and 150?
75
Suppose 69 = 5*t + 2*r - 41, -5*t + r = -125. Suppose -216 = -39*v + 30*v. What is the greatest common divisor of t and v?
24
Suppose 5*q = 3*t + 6, -17 = -5*q - 2. Suppose -c = -3, -d + 2*d - t*c = -79. Let y = d - -72. Calculate the greatest common divisor of 3 and y.
1
Let m be (-2)/(-7) - 3128/(-28). Let w = -14743 - -14841. What is the highest common factor of m and w?
14
Let h(l) = l**3 - 15*l**2 + 14*l + 3. Let z be h(14). Suppose -5*c = -2*w + 648, -10 = -z*c - 4. Calculate the greatest common divisor of w and 47.
47
Let p(m) be the third derivative of -m**6/60 - m**5/5 + 13*m**4/24 + 49*m**3/3 + 12*m**2 + m. Let w be p(-8). What is the greatest common divisor of 200 and w?
50
Let p(h) = -3*h**2 - h**2 + 2*h**2 + 52 + h**2. Let k be p(-6). Calculate